
Suppose 11 - 3 = b. Calculate the remainder when (b/(-8))/(-2*3/2082) is divided by 89.
80
Let m = 353 - 340. Suppose 0 = 5*k + m*k - 54. What is the remainder when 149 is divided by k?
2
Suppose 1575*y - 126 = 1568*y. Calculate the remainder when 4947 is divided by y.
15
Suppose -187 = -21*a + 86. Suppose 5*t - 163 = 152. What is the remainder when t is divided by a?
11
Suppose -131*z + 24466 = -13262. What is the remainder when 1719 is divided by z?
279
Let q(y) = -y**2 + y + 1. Let l(n) = -9*n**2 - 7*n - 7. Let v(j) = -l(j) - 6*q(j). Calculate the remainder when -1*264/9*(-18)/12 is divided by v(-1).
14
Suppose 10*i - 5*i = -3*z - 156, z - 4*i + 52 = 0. Let b = z + 69. Calculate the remainder when 32 is divided by b.
15
Let k(i) = -3*i**3 + 3*i**2 + 2*i. Suppose 53*c - 624*c + 52532 = 0. What is the remainder when c is divided by k(-2)?
28
Let v = -15678 + 15690. Calculate the remainder when 5547 is divided by v.
3
Let j(z) = -48*z - 2319. What is the remainder when j(-53) is divided by 106?
13
Let f(x) = -x**2 - 20*x + 981. Suppose 2*a - 60 = -a. Calculate the remainder when f(22) is divided by a.
17
Let o = -4591 + 4604. Suppose 3*u - 14 = -2. Calculate the remainder when o is divided by u.
1
Suppose 2*k + 3*o = 73, -13*o = k - 16*o - 59. What is the remainder when 366 is divided by k?
14
Let l(h) = h**2 + 31*h - 617. What is the remainder when 641 is divided by l(15)?
57
Let a = 16 + -3. Let y be ((4/(-6))/(-1))/(28/42). Let w(q) = 64*q**3 - q**2 + 3*q - 2. What is the remainder when w(y) is divided by a?
12
Suppose -5*u - 2*d + 187 = 0, -u + 2*u - 39 = -2*d. Calculate the remainder when 1*2/(-4) - 7670/(-52) is divided by u.
36
Calculate the remainder when 3152 is divided by (-2 - (4 - -77))*-1.
81
Let m(u) = -2*u**2 + 28*u - 33. Let f be m(11). Suppose 0 = -3*b - 5*y + 46, -2*b = -4*y + f - 93. Calculate the remainder when 64 is divided by b.
20
Let q(n) = -n**2 - 9*n - 11. Let m be q(-7). Let y be (16/20)/(m/(-90)). Calculate the remainder when 65*(2 + y/15) is divided by 16.
10
Let x = 566 + -473. Calculate the remainder when 464 is divided by x.
92
Calculate the remainder when (30 + 2497/(-88))*8 is divided by (1/(-2))/(1/(-14)).
6
Suppose -80 = -13*d - 7*d. Suppose -8 = -b - z + d, b - z = 4. Calculate the remainder when 150 is divided by b.
6
Suppose -55*y - 6562 + 1180 = -81*y. Calculate the remainder when 3104 is divided by y.
206
Suppose 6*t - 3*b + 181 - 1483 = 0, 0 = -5*t - b + 1078. What is the remainder when 444 is divided by t?
12
Let i(s) = 2*s**2 - 31*s + 2. Let f be i(15). Let k = 7 + f. What is the remainder when ((-4)/k)/(38/2109) is divided by 21?
16
Let q(d) = -d**3 - 4*d**2 - 10*d + 30. Let a be q(-6). Suppose 0 = -2*r + 4*v + 132, 3*r - 12*v + 15*v = a. What is the remainder when 1041 is divided by r?
55
Suppose -5*z - 1050 = 5*t, 797 = -3*t + 4*z + 153. Let f = 700 + t. What is the remainder when f is divided by 12?
8
Let l(p) = p + 1. Let w(m) = 9*m - 15. Let y(z) = -24*l(z) + 3*w(z). What is the remainder when 82 is divided by y(27)?
10
Suppose -5 = -v, -l - 5*v - 20 - 39 = 0. Let d = l - -181. Calculate the remainder when d is divided by 15.
7
Let p be (39/((-6)/(-2)))/((-1)/(-3)). Suppose -p = -f - 6*a + a, 0 = -f + 2*a + 32. Calculate the remainder when 201 is divided by f.
31
Let i(l) = 26*l**2 + 3*l + 2. Let j be i(-1). Let a = -5 + j. Let v = 997 + -919. Calculate the remainder when v is divided by a.
18
Let o(g) = 183*g - 1887. What is the remainder when 12597 is divided by o(11)?
123
Suppose -55*f - 180 = -65*f. Suppose 18*w - 26 = -3*s + 13*w, 3*w + f = s. What is the remainder when ((-66)/4)/((-4)/8) is divided by s?
9
Suppose 10005 = 17*w - w + 13*w. Calculate the remainder when w is divided by 21.
9
What is the remainder when 22 - -8 - (-2 + 1) is divided by 11430/945 - 10/105?
7
Suppose 5*c - 3*h = 34, -h - 3*h = -4*c + 32. Let v = 8 + c. What is the remainder when v is divided by 0 + 5 + (-3)/(-1)?
5
Suppose 4*j - 112 = -5*s + 3, 2*j - 29 = -s. What is the remainder when (-5112)/(-45) - (-6)/(-10) is divided by s?
18
Suppose 36*y + 1260 = 29*y. Let j = y + 217. Calculate the remainder when 98 is divided by j.
24
Suppose -65*k + x + 5612 = -60*k, 0 = 2*x - 6. Calculate the remainder when k is divided by 557.
9
Let a = -78 + 155. Let u = 3916 - 3899. What is the remainder when a is divided by u?
9
Calculate the remainder when 666 is divided by (-207)/(-2) - ((-15)/60)/(5/10).
42
Let c = 106 - 7. Let x be ((-14)/(-3))/(50/(-75)). Let j(u) = -8*u - 36. What is the remainder when c is divided by j(x)?
19
Let y(f) = -150*f + 5121. What is the remainder when 2388 is divided by y(33)?
165
Suppose -h + 91 = 2. Suppose -80 = -h*d + 84*d. What is the remainder when 101 is divided by (3 - (3 - d)) + -3?
10
Let m be 3*-22 + (-4 - 0/(-4)). Let r = 119 + m. What is the remainder when 193 is divided by r?
46
Suppose -t - 528 = -2*k + 222, 1114 = 3*k + 4*t. Let n(b) = -4*b**2 + 422*b - 603. What is the remainder when k is divided by n(104)?
17
Let z = 3 - 1. Suppose -t - 3 = 4*j, -j = -z*t - 2*j + 8. Suppose 5 = 5*q - 5, t*g + 5*q = 355. What is the remainder when g is divided by 12?
9
Let k = 85 - -116. Suppose 137*z - 69*z - 38*z = 2070. What is the remainder when k is divided by z?
63
Suppose v - 11 = -o, 0 = 5*o + 8 - 3. Calculate the remainder when 72/(-16)*(-430)/45 is divided by v.
7
Let g(l) = -l**2 + 10*l + 4. Let y be g(9). Let q(h) = 7*h + 10. Let m be q(1). Suppose y*f + 136 = m*f. Calculate the remainder when f is divided by 18.
16
Suppose 0 = -i - 10*q - 14, -4*i + 84 = 70*q - 65*q. Let k = -9 - -5. Calculate the remainder when i is divided by 30/4*k/(-5).
2
Suppose 0 = 8*s - 342 + 150. Suppose 4*q - 40 = -s, -14 = -z + 2*q. Calculate the remainder when 82 is divided by z.
16
Let t(f) = -f**2 + 7*f - 3. Let a be -2*((-93)/(-8))/((-45)/1620). Let r = 854 - a. Calculate the remainder when r is divided by t(3).
8
Let h be (-18)/27*3 - 4*-1. Suppose -4*s - m + 48 = -2*m, h*m + 60 = 5*s. Calculate the remainder when 49 is divided by s.
1
Let y(f) = 15*f - 127. Let h(w) = -8*w + 64. Let b(z) = 7*h(z) + 3*y(z). What is the remainder when 69 is divided by b(5)?
9
Let z(r) = -r**3 + 16*r**2 - 21*r + 11. Let v be z(14). Suppose -4 = -110*j + v*j. Suppose -5*k + j*k = -21. What is the remainder when 102 is divided by k?
18
Let t(j) = j**3 + 15*j**2 + j + 12. Let k be t(-15). Suppose -2096*y - 345 = -2101*y. What is the remainder when y is divided by (-68)/(-1 - 3) + k?
13
Suppose -11*b = -i - 13*b + 143, 5*i - 2*b - 655 = 0. What is the remainder when 656 is divided by i?
124
Suppose -j = j - 34. What is the remainder when -2 + (-144)/(-75) + 1072*56/400 is divided by j?
14
Suppose 0 = -4*x - 7*a + 108, -31 = -4*x + 2*a + 5. Calculate the remainder when 437 is divided by x.
8
Let y = -6347 - -6874. Calculate the remainder when 529 is divided by y.
2
Let q(x) = 39*x - 112. Let s be 4 - 3 - (15 + -2). What is the remainder when s/(-3)*(-15)/(-4) is divided by q(3)?
0
Let o(u) = 27*u + 856. Calculate the remainder when o(-18) is divided by 94.
88
Suppose -3*b - 280 = -802. Suppose -2*v - b = -5*v. Let c(o) = -o**2 + 14*o + 35. Calculate the remainder when v is divided by c(15).
18
Suppose 0 = -w - 0*w - 4*o + 12, -2*o = 4*w - 90. Suppose -4*c + 1062 + 26 = 5*q, -3*c = -q + 191. What is the remainder when q is divided by w?
20
Let r(w) = -6*w**3 + 26*w**2 + 85*w + 21. Calculate the remainder when r(-6) is divided by 177.
150
Suppose 4*a + 6 = 3*a + 3*h, 6 = -3*a + 3*h. Suppose a = -4*s + 736 + 736. What is the remainder when s is divided by 10?
8
Suppose 132 + 804 = 26*f. Let m(j) = j**2 + 6*j + 4. Let q be m(-6). Suppose v - q = f. Calculate the remainder when 199 is divided by v.
39
Let s be (7/42)/(4/8)*3. Let g(x) = 73*x**2 - 24*x - 1. What is the remainder when 287 is divided by g(s)?
47
Suppose -1898*g - 4*z - 6841 = -1899*g, g + z = 6841. What is the remainder when g is divided by 326?
321
Suppose -z + 375 - 388 = 0. Let o(r) = r**2 + 11*r + 3. What is the remainder when 81 is divided by o(z)?
23
Let k = 6807 + -4088. Calculate the remainder when k is divided by 906.
1
Let h(q) = -2*q**3 + 196*q**2 - 167*q + 614. Calculate the remainder when h(97) is divided by 98.
97
Suppose -y - 2*t = -63, 4*t - 5554